ided by 21.
15
What is the remainder when 806 is divided by 90?
86
Calculate the remainder when 957 is divided by 7.
5
Calculate the remainder when 88 is divided by 36.
16
Calculate the remainder when 45407 is divided by 13.
11
What is the remainder when 1511 is divided by 107?
13
What is the remainder when 16 is divided by 4?
0
What is the remainder when 31 is divided by 22?
9
Calculate the remainder when 7 is divided by 3.
1
Calculate the remainder when 300 is divided by 18.
12
Calculate the remainder when 1109 is divided by 229.
193
What is the remainder when 647 is divided by 36?
35
Calculate the remainder when 4523 is divided by 348.
347
Calculate the remainder when 210 is divided by 64.
18
What is the remainder when 80 is divided by 10?
0
What is the remainder when 1227 is divided by 82?
79
Calculate the remainder when 543 is divided by 243.
57
What is the remainder when 65 is divided by 19?
8
Calculate the remainder when 115 is divided by 32.
19
What is the remainder when 84 is divided by 18?
12
What is the remainder when 446 is divided by 99?
50
Calculate the remainder when 66 is divided by 54.
12
What is the remainder when 1184 is divided by 196?
8
Calculate the remainder when 600 is divided by 144.
24
Calculate the remainder when 63 is divided by 35.
28
What is the remainder when 66252 is divided by 16?
12
What is the remainder when 1051 is divided by 87?
7
Calculate the remainder when 171 is divided by 21.
3
Calculate the remainder when 102 is divided by 53.
49
Calculate the remainder when 2050 is divided by 38.
36
What is the remainder when 6 is divided by 2?
0
What is the remainder when 129 is divided by 69?
60
Calculate the remainder when 86 is divided by 45.
41
Calculate the remainder when 1179 is divided by 59.
58
What is the remainder when 129 is divided by 57?
15
Calculate the remainder when 506 is divided by 37.
25
Calculate the remainder when 1348 is divided by 29.
14
Calculate the remainder when 166 is divided by 34.
30
Calculate the remainder when 106 is divided by 53.
0
What is the remainder when 106 is divided by 53?
0
What is the remainder when 453 is divided by 111?
9
What is the remainder when 877 is divided by 4?
1
Calculate the remainder when 41 is divided by 12.
5
What is the remainder when 142 is divided by 10?
2
Calculate the remainder when 60492 is divided by 149.
147
Calculate the remainder when 301 is divided by 13.
2
Calculate the remainder when 86 is divided by 15.
11
What is the remainder when 734 is divided by 90?
14
What is the remainder when 67 is divided by 43?
24
Calculate the remainder when 749 is divided by 372.
5
What is the remainder when 2431 is divided by 351?
325
Calculate the remainder when 494 is divided by 124.
122
Calculate the remainder when 125 is divided by 95.
30
Calculate the remainder when 593 is divided by 54.
53
Calculate the remainder when 182 is divided by 14.
0
What is the remainder when 1274 is divided by 85?
84
What is the remainder when 232 is divided by 126?
106
Calculate the remainder when 68 is divided by 23.
22
What is the remainder when 1442 is divided by 258?
152
What is the remainder when 113 is divided by 5?
3
What is the remainder when 280 is divided by 2?
0
Calculate the remainder when 121 is divided by 35.
16
What is the remainder when 57 is divided by 26?
5
Calculate the remainder when 343 is divided by 8.
7
Calculate the remainder when 474 is divided by 17.
15
What is the remainder when 232 is divided by 80?
72
What is the remainder when 379 is divided by 19?
18
Calculate the remainder when 168 is divided by 29.
23
What is the remainder when 385 is divided by 19?
5
Calculate the remainder when 63 is divided by 3.
0
Calculate the remainder when 30751 is divided by 248.
247
Calculate the remainder when 1968 is divided by 11.
10
What is the remainder when 79 is divided by 45?
34
Calculate the remainder when 82 is divided by 4.
2
What is the remainder when 1495 is divided by 14?
11
What is the remainder when 371 is divided by 137?
97
What is the remainder when 2376 is divided by 2373?
3
What is the remainder when 334 is divided by 39?
22
What is the remainder when 3400 is divided by 71?
63
Calculate the remainder when 452 is divided by 65.
62
Calculate the remainder when 115 is divided by 58.
57
What is the remainder when 185 is divided by 31?
30
Calculate the remainder when 245 is divided by 15.
5
Calculate the remainder when 2378 is divided by 7.
5
Calculate the remainder when 434 is divided by 15.
14
Calculate the remainder when 35 is divided by 19.
16
What is the remainder when 319 is divided by 40?
39
Calculate the remainder when 88 is divided by 25.
13
What is the remainder when 895 is divided by 291?
22
What is the remainder when 2296 is divided by 70?
56
Calculate the remainder when 2483 is divided by 617.
15
What is the remainder when 107 is divided by 22?
19
Calculate the remainder when 96 is divided by 69.
27
Calculate the remainder when 1828 is divided by 125.
78
Calculate the remainder when 252 is divided by 131.
121
Calculate the remainder when 205 is divided by 184.
21
What is the remainder when 570 is divided by 52?
50
What is the remainder when 617 is divided by 121?
12
What is the remainder when 7621 is divided by 62?
57
What is the remainder when 261 is divided by 255?
6
What is the remainder when 45 is divided by 22?
1
Calculate the remainder when 149 is divided by 47.
8
What is the remainder when 642 is divided by 12?
6
What is the remainder when 3099 is divided by 11?
8
What is the remainder when 214 is divided by 103?
8
Calculate the remainder when 2719 is divided by 246.
13
Calculate the remainder when 17 is divided by 9.
8
What is the remainder when 968 is divided by 97?
95
What is the remainder when 729 is divided by 351?
27
Calculate the remainder when 300 is divided by 93.
21
Calculate the remainder when 376 is divided by 34.
2
What is the remainder when 1688 is divided by 64?
24
What is the remainder when 127 is divided by 36?
19
Calculate the remainder when 2296 is divided by 11.
8
Calculate the remainder when 67 is divided by 32.
3
Calculate the remainder when 99 is divided by 17.
14
Calculate the remainder when 16 is divided by 10.
6
Calculate the remainder when 981 is divided by 132.
57
Calculate the remainder when 2569 is divided by 66.
61
Calculate the remainder when 3387 is divided by 14.
13
What is the remainder when 3032 is divided by 41?
39
Calculate the remainder when 110 is divided by 4.
2
Calculate the remainder when 448 is divided by 18.
16
What is the remainder when 7324 is divided by 33?
31
Calculate the remainder when 3614 is divided by 226.
224
What is the remainder when 5722 is divided by 108?
106
What is the remainder when 864 is divided by 255?
99
What is the remainder when 1003 is divided by 272?
187
Calculate the remainder when 143 is divided by 13.
0
What is the remainder when 19 is divided by 10?
9
What is the remainder when 2270 is divided by 71?
69
What is the remainder when 10027 is divided by 23?
22
What is the remainder when 1660 is divided by 440?
340
Calculate the remainder when 852 is divided by 129.
78
Calculate the remainder when 9309 is divided by 35.
34
What is the remainder when 419 is divided by 108?
95
What is the remainder when 30941 is divided by 162?
161
Calculate the remainder when 1395 is divided by 592.
211
Calculate the remainder when 10235 is divided by 2.
1
What is the remainder when 859 is divided by 159?
64
What is the remainder when 3609 is divided by 129?
126
What is the remainder when 588 is divided by 27?
21
Calculate the remainder when 4253 is divided by 1413.
14
Calculate the remainder when 417 is divided by 21.
18
Calculate the remainder when 558 is divided by 172.
42
What is the remainder when 890 is divided by 75?
65
What is the remainder when 986 is divided by 23?
20
Calculate the remainder when 472 is divided by 28.
24
What is the remainder when 625 is divided by 127?
117
Calculate the remainder when 58 is divided by 15.
13
What is the remainder when 1535 is divided by 20?
15
What is the remainder when 252 is divided by 29?
20
What is the remainder when 252 is divided by 62?
4
What is the remainder when 30 is divided by 9?
3
What is the remainder when 453 is divided by 19?
